{"id":2493,"date":"2025-03-18T04:48:27","date_gmt":"2025-03-18T04:48:27","guid":{"rendered":"https:\/\/blenheimvintners.com\/product\/chateau-tour-des-termes-cru-bourgeois-superieur-saint-estephe\/"},"modified":"2025-12-17T19:21:42","modified_gmt":"2025-12-17T19:21:42","slug":"chateau-tour-des-termes-cru-bourgeois-superieur-saint-estephe","status":"publish","type":"product","link":"https:\/\/blenheimvintners.com\/product\/chateau-tour-des-termes-cru-bourgeois-superieur-saint-estephe\/","title":{"rendered":"Ch\u00e2teau Tour des Termes Cru Bourgeois Sup\u00e9rieur Saint-Est\u00e8phe"},"content":{"rendered":"<p>This Saint-Est\u00e8phe estate takes its name from an ancient tower on the Les Termes plot, part of a Gallo-Roman site. With roots dating to 1678, it&#8217;s one of the appellation&#8217;s rare multi-century family estates.<br \/>\nToday, Jean Anney, son Christophe and granddaughter Aur\u00e9lie continue the legacy. Their wine stands apart in Saint-Est\u00e8phe for its uncommon elegance, achieved through mature vines, Merlot-dominant plantings, prime terroir selection, and sustainable practices.<\/p>\n","protected":false},"excerpt":{"rendered":"<p>This Saint-Est\u00e8phe estate takes its name from an ancient tower on the Les Termes plot, part of a Gallo-Roman site. With roots dating to 1678, it&#8217;s one of the appellation&#8217;s rare multi-century family estates. Today, Jean Anney, son Christophe and granddaughter Aur\u00e9lie continue the legacy. Their wine stands apart in Saint-Est\u00e8phe for its uncommon elegance, [&hellip;]<\/p>\n","protected":false},"featured_media":2679,"template":"","meta":{"_et_pb_use_builder":"","_et_pb_old_content":"","_et_gb_content_width":""},"product_brand":[],"product_cat":[234],"product_tag":[310,300,301],"class_list":{"0":"post-2493","1":"product","2":"type-product","3":"status-publish","4":"has-post-thumbnail","6":"product_cat-wine","7":"product_tag-cabernet-franc","8":"product_tag-cabernet-sauvignon","9":"product_tag-merlot","10":"pa_abv-14-5","11":"pa_country-france","12":"pa_grape-tags-merlot","13":"pa_grape-tags-petit-verdot","14":"pa_grape-tags-cabernet-franc","15":"pa_grape-tags-cabernet-sauvignon","16":"pa_producer-chateau-tour-des-termes","17":"pa_product-type-red","18":"pa_region-bordeaux","19":"pa_size-75cl","20":"pa_vintage-321","22":"first","23":"instock","24":"shipping-taxable","25":"purchasable","26":"product-type-simple"},"jetpack_sharing_enabled":true,"_links":{"self":[{"href":"https:\/\/blenheimvintners.com\/wp-json\/wp\/v2\/product\/2493","targetHints":{"allow":["GET"]}}],"collection":[{"href":"https:\/\/blenheimvintners.com\/wp-json\/wp\/v2\/product"}],"about":[{"href":"https:\/\/blenheimvintners.com\/wp-json\/wp\/v2\/types\/product"}],"wp:featuredmedia":[{"embeddable":true,"href":"https:\/\/blenheimvintners.com\/wp-json\/wp\/v2\/media\/2679"}],"wp:attachment":[{"href":"https:\/\/blenheimvintners.com\/wp-json\/wp\/v2\/media?parent=2493"}],"wp:term":[{"taxonomy":"product_brand","embeddable":true,"href":"https:\/\/blenheimvintners.com\/wp-json\/wp\/v2\/product_brand?post=2493"},{"taxonomy":"product_cat","embeddable":true,"href":"https:\/\/blenheimvintners.com\/wp-json\/wp\/v2\/product_cat?post=2493"},{"taxonomy":"product_tag","embeddable":true,"href":"https:\/\/blenheimvintners.com\/wp-json\/wp\/v2\/product_tag?post=2493"}],"curies":[{"name":"wp","href":"https:\/\/api.w.org\/{rel}","templated":true}]}}

Château Tour des Termes Cru Bourgeois Supérieur Saint-Estèphe

<p>This Saint-Estèphe estate takes its name from an ancient tower on the Les Termes plot, part of a Gallo-Roman site. With roots dating to 1678, it&#8217;s one of the appellation&#8217;s rare multi-century family estates.<br />
Today, Jean Anney, son Christophe and granddaughter Aurélie continue the legacy. Their wine stands apart in Saint-Estèphe for its uncommon elegance, achieved through mature vines, Merlot-dominant plantings, prime terroir selection, and sustainable practices.</p>

<p>This Saint-Estèphe estate takes its name from an ancient tower on the Les Termes plot, part of a Gallo-Roman site. With roots dating to 1678, it&#8217;s one of the appellation&#8217;s rare multi-century family estates. Today, Jean Anney, son Christophe and granddaughter Aurélie continue the legacy. Their wine stands apart in Saint-Estèphe for its uncommon elegance, [&hellip;]</p>
