{"id":2367,"date":"2025-03-18T04:53:58","date_gmt":"2025-03-18T04:53:58","guid":{"rendered":"https:\/\/blenheimvintners.com\/product\/domaine-marc-jambon-macon-pierreclos-cuvee-classique\/"},"modified":"2025-12-10T16:37:31","modified_gmt":"2025-12-10T16:37:31","slug":"domaine-marc-jambon-macon-pierreclos-cuvee-classique","status":"publish","type":"product","link":"https:\/\/blenheimvintners.com\/product\/domaine-marc-jambon-macon-pierreclos-cuvee-classique\/","title":{"rendered":"Domaine Marc Jambon M\u00e2con-Pierreclos Cuv\u00e9e Classique"},"content":{"rendered":"<p>Stretching from the C\u00f4te Chalonnaise to the south of M\u00e2con city, the M\u00e2connais vineyards extend for 40km forming a set of hillsides bordered by the Sa\u00f4ne and Grosne rivers. In the heart of the M\u00e2con appellation on clay-limestone soils, the Jambon family has been making wine in Pierreclos since 1750, and their 12ha estate looks down over the valley and towards the emblematic Roche de Solutr\u00e9.<br \/>\nPierre Antoine Jambon ran the domaine until he was joined a couple of years ago by his childhood friend Michel Prudhon. Committed to growing healthy vines, they practice environmentally friendly viticulture, yields are deliberately kept low for the region and the grass is encouraged to grow between the rows of vines.<br \/>\nAll the wines come from slow spontaneous fermentation, the use of sulphites has been moderated and cuve ageing on fine lees is carried out for 6 to 8 months.<\/p>\n","protected":false},"excerpt":{"rendered":"<p>Stretching from the C\u00f4te Chalonnaise to the south of M\u00e2con city, the M\u00e2connais vineyards extend for 40km forming a set of hillsides bordered by the Sa\u00f4ne and Grosne rivers. In the heart of the M\u00e2con appellation on clay-limestone soils, the Jambon family has been making wine in Pierreclos since 1750, and their 12ha estate looks [&hellip;]<\/p>\n","protected":false},"featured_media":2512,"template":"","meta":{"_et_pb_use_builder":"","_et_pb_old_content":"","_et_gb_content_width":""},"product_brand":[],"product_cat":[234],"product_tag":[352,314],"class_list":{"0":"post-2367","1":"product","2":"type-product","3":"status-publish","4":"has-post-thumbnail","6":"product_cat-wine","7":"product_tag-albarino","8":"product_tag-chardonnay","9":"pa_abv-13-5","10":"pa_country-france","11":"pa_grape-tags-chardonnay","12":"pa_producer-domaine-marc-jambon","13":"pa_product-type-white","14":"pa_region-burgundy","15":"pa_size-75cl","16":"pa_vintage-332","18":"first","19":"instock","20":"shipping-taxable","21":"purchasable","22":"product-type-simple"},"jetpack_sharing_enabled":true,"_links":{"self":[{"href":"https:\/\/blenheimvintners.com\/wp-json\/wp\/v2\/product\/2367","targetHints":{"allow":["GET"]}}],"collection":[{"href":"https:\/\/blenheimvintners.com\/wp-json\/wp\/v2\/product"}],"about":[{"href":"https:\/\/blenheimvintners.com\/wp-json\/wp\/v2\/types\/product"}],"wp:featuredmedia":[{"embeddable":true,"href":"https:\/\/blenheimvintners.com\/wp-json\/wp\/v2\/media\/2512"}],"wp:attachment":[{"href":"https:\/\/blenheimvintners.com\/wp-json\/wp\/v2\/media?parent=2367"}],"wp:term":[{"taxonomy":"product_brand","embeddable":true,"href":"https:\/\/blenheimvintners.com\/wp-json\/wp\/v2\/product_brand?post=2367"},{"taxonomy":"product_cat","embeddable":true,"href":"https:\/\/blenheimvintners.com\/wp-json\/wp\/v2\/product_cat?post=2367"},{"taxonomy":"product_tag","embeddable":true,"href":"https:\/\/blenheimvintners.com\/wp-json\/wp\/v2\/product_tag?post=2367"}],"curies":[{"name":"wp","href":"https:\/\/api.w.org\/{rel}","templated":true}]}}

Domaine Marc Jambon Mâcon-Pierreclos Cuvée Classique

<p>Stretching from the Côte Chalonnaise to the south of Mâcon city, the Mâconnais vineyards extend for 40km forming a set of hillsides bordered by the Saône and Grosne rivers. In the heart of the Mâcon appellation on clay-limestone soils, the Jambon family has been making wine in Pierreclos since 1750, and their 12ha estate looks down over the valley and towards the emblematic Roche de Solutré.<br />
Pierre Antoine Jambon ran the domaine until he was joined a couple of years ago by his childhood friend Michel Prudhon. Committed to growing healthy vines, they practice environmentally friendly viticulture, yields are deliberately kept low for the region and the grass is encouraged to grow between the rows of vines.<br />
All the wines come from slow spontaneous fermentation, the use of sulphites has been moderated and cuve ageing on fine lees is carried out for 6 to 8 months.</p>

<p>Stretching from the Côte Chalonnaise to the south of Mâcon city, the Mâconnais vineyards extend for 40km forming a set of hillsides bordered by the Saône and Grosne rivers. In the heart of the Mâcon appellation on clay-limestone soils, the Jambon family has been making wine in Pierreclos since 1750, and their 12ha estate looks [&hellip;]</p>
